vided by 76?
74
Calculate the remainder when 26097 is divided by 63.
15
What is the remainder when 76472 is divided by 25488?
8
Calculate the remainder when 1198511 is divided by 164.
163
What is the remainder when 23031 is divided by 7660?
51
Calculate the remainder when 7937 is divided by 72.
17
What is the remainder when 35536 is divided by 35431?
105
What is the remainder when 14090 is divided by 52?
50
Calculate the remainder when 11637 is divided by 140.
17
Calculate the remainder when 11306 is divided by 435.
431
What is the remainder when 191946 is divided by 55?
51
What is the remainder when 62421 is divided by 275?
271
Calculate the remainder when 7092 is divided by 512.
436
Calculate the remainder when 75328 is divided by 186.
184
What is the remainder when 3959 is divided by 1101?
656
Calculate the remainder when 13793 is divided by 1046.
195
What is the remainder when 31750 is divided by 9985?
1795
Calculate the remainder when 1760337 is divided by 12.
9
Calculate the remainder when 6711 is divided by 38.
23
Calculate the remainder when 57938 is divided by 2313.
113
What is the remainder when 14234 is divided by 50?
34
Calculate the remainder when 1593 is divided by 6.
3
Calculate the remainder when 4269626 is divided by 7.
4
What is the remainder when 735336 is divided by 233?
221
Calculate the remainder when 111832 is divided by 342.
340
What is the remainder when 512245 is divided by 21?
13
Calculate the remainder when 35415 is divided by 3219.
6
Calculate the remainder when 604 is divided by 198.
10
What is the remainder when 154291 is divided by 17?
16
Calculate the remainder when 130266 is divided by 15.
6
What is the remainder when 124604 is divided by 352?
348
What is the remainder when 4839 is divided by 255?
249
What is the remainder when 7141 is divided by 144?
85
What is the remainder when 275 is divided by 24?
11
What is the remainder when 44875 is divided by 146?
53
What is the remainder when 22895349 is divided by 989?
988
What is the remainder when 5126 is divided by 1020?
26
What is the remainder when 33340 is divided by 641?
8
Calculate the remainder when 59271 is divided by 37.
34
Calculate the remainder when 10669 is divided by 1778.
1
What is the remainder when 17687 is divided by 226?
59
Calculate the remainder when 4733 is divided by 633.
302
Calculate the remainder when 65471 is divided by 153.
140
What is the remainder when 35141 is divided by 191?
188
What is the remainder when 2448 is divided by 1223?
2
Calculate the remainder when 73261 is divided by 177.
160
Calculate the remainder when 106187 is divided by 27.
23
Calculate the remainder when 23638 is divided by 2180.
1838
Calculate the remainder when 109338 is divided by 20.
18
What is the remainder when 13028 is divided by 43?
42
What is the remainder when 60478 is divided by 30235?
8
What is the remainder when 1306299 is divided by 211?
209
Calculate the remainder when 14622 is divided by 168.
6
Calculate the remainder when 9339 is divided by 3050.
189
What is the remainder when 97703 is divided by 114?
5
Calculate the remainder when 882 is divided by 5.
2
Calculate the remainder when 1322 is divided by 654.
14
What is the remainder when 303975 is divided by 2?
1
What is the remainder when 4304 is divided by 1421?
41
Calculate the remainder when 2609 is divided by 2502.
107
What is the remainder when 1180 is divided by 292?
12
What is the remainder when 2767 is divided by 1305?
157
What is the remainder when 6744 is divided by 753?
720
What is the remainder when 875 is divided by 332?
211
Calculate the remainder when 384464 is divided by 128152.
8
Calculate the remainder when 17306 is divided by 13.
3
Calculate the remainder when 12939 is divided by 671.
190
Calculate the remainder when 27426 is divided by 13705.
16
Calculate the remainder when 214873 is divided by 7.
1
What is the remainder when 1524 is divided by 461?
141
Calculate the remainder when 5332 is divided by 80.
52
What is the remainder when 20189817 is divided by 20?
17
Calculate the remainder when 9421 is divided by 2285.
281
What is the remainder when 47001 is divided by 9398?
11
What is the remainder when 230094 is divided by 13?
7
What is the remainder when 36663 is divided by 611?
3
Calculate the remainder when 17536 is divided by 3501.
31
What is the remainder when 2582 is divided by 336?
230
Calculate the remainder when 132484 is divided by 44148.
40
Calculate the remainder when 9935 is divided by 696.
191
Calculate the remainder when 15951 is divided by 1328.
15
What is the remainder when 10284 is divided by 352?
76
Calculate the remainder when 37619 is divided by 2883.
140
Calculate the remainder when 3333 is divided by 3286.
47
Calculate the remainder when 32999 is divided by 1440.
1319
Calculate the remainder when 459041 is divided by 8.
1
Calculate the remainder when 5416 is divided by 14.
12
What is the remainder when 5335 is divided by 248?
127
Calculate the remainder when 7373 is divided by 1006.
331
Calculate the remainder when 30341 is divided by 8.
5
Calculate the remainder when 3512 is divided by 292.
8
Calculate the remainder when 412533 is divided by 97.
89
What is the remainder when 5946 is divided by 32?
26
What is the remainder when 282733 is divided by 547?
481
Calculate the remainder when 85633 is divided by 2762.
11
Calculate the remainder when 233617 is divided by 20.
17
Calculate the remainder when 25144 is divided by 8378.
10
Calculate the remainder when 2802 is divided by 68.
14
What is the remainder when 155935 is divided by 15?
10
Calculate the remainder when 395 is divided by 364.
31
What is the remainder when 3841 is divided by 94?
81
Calculate the remainder when 15274 is divided by 103.
30
What is the remainder when 20067 is divided by 26?
21
What is the remainder when 149434 is divided by 849?
10
Calculate the remainder when 1917 is divided by 567.
216
Calculate the remainder when 415490 is divided by 7.
5
Calculate the remainder when 22008 is divided by 756.
84
Calculate the remainder when 1194 is divided by 139.
82
Calculate the remainder when 2607 is divided by 57.
42
What is the remainder when 2079354 is divided by 409?
407
Calculate the remainder when 1280 is divided by 417.
29
Calculate the remainder when 190950 is divided by 37.
30
What is the remainder when 4155 is divided by 121?
41
What is the remainder when 2261 is divided by 20?
1
What is the remainder when 1302 is divided by 146?
134
Calculate the remainder when 18678 is divided by 3110.
18
Calculate the remainder when 2587 is divided by 682.
541
What is the remainder when 17426 is divided by 1036?
850
Calculate the remainder when 33552 is divided by 11178.
18
What is the remainder when 8699 is divided by 45?
14
What is the remainder when 45294 is divided by 89?
82
Calculate the remainder when 17086 is divided by 32.
30
What is the remainder when 10167 is divided by 19?
2
Calculate the remainder when 6894 is divided by 3415.
64
Calculate the remainder when 11029 is divided by 3652.
73
Calculate the remainder when 38032 is divided by 225.
7
Calculate the remainder when 1808 is divided by 39.
14
What is the remainder when 6438 is divided by 842?
544
Calculate the remainder when 2318 is divided by 284.
46
What is the remainder when 1218 is divided by 33?
30
What is the remainder when 108954 is divided by 36314?
12
Calculate the remainder when 10317 is divided by 1259.
245
Calculate the remainder when 1091823 is divided by 268.
259
What is the remainder when 3563 is divided by 38?
29
What is the remainder when 382009 is divided by 504?
481
What is the remainder when 28325 is divided by 19?
15
Calculate the remainder when 119296 is divided by 177.
175
Calculate the remainder when 17384 is divided by 388.
312
Calculate the remainder when 16687 is divided by 4169.
11
What is the remainder when 72031 is divided by 13?
11
What is the remainder when 10210 is divided by 211?
82
What is the remainder when 95217 is divided by 13?
5
What is the remainder when 2504 is divided by 120?
104
What is the remainder when 2765 is divided by 125?
15
What is the remainder when 5122 is divided by 349?
236
What is the remainder when 275 is divided by 23?
22
Calculate the remainder when 5137102 is divided by 